 m.
16
Let w = 0 + 10. Suppose -2*b + 2*l + 15 = -3*b, w = -2*b + l. Let j be 2/b + (-2776)/(-14). What is the highest common factor of j and 18?
18
Let u be 3 - (0 + -86) - -1. What is the highest common divisor of 10 and u?
10
Suppose -2*x = -3*y + 298, 2*y + 2*y - 5*x - 402 = 0. Suppose -6*u + y = -202. What is the greatest common divisor of u and 20?
10
Let v be (2*3)/((-14)/(-7)). What is the greatest common factor of 21 and v?
3
Let u be (-185)/(-25) - ((-8)/5 + 2). Calculate the highest common factor of 49 and u.
7
Suppose x + 2*n - 14 = 0, x - 2*x + 8 = -n. What is the greatest common divisor of x and 110?
10
Suppose -28 - 24 = -2*b + 4*z, -2 = z. Calculate the greatest common factor of 11 and b.
11
Let i be 2/(3 + 49/(-16)). Let b be 8/(-28) - i/14. What is the highest common divisor of 8 and b?
2
Let b be (-3)/2 + (-75)/(-6). Calculate the greatest common factor of b and 33.
11
Let j be (-3 - -36)/(2/4). What is the greatest common divisor of j and 99?
33
Let u be (-12 - 1)*(-1 + 0). Let y(f) = -23*f + 2. Suppose 0 = -0*h + 2*h + 10. Let b be y(h). What is the greatest common divisor of u and b?
13
Let x(r) = 24*r - 6. Let s be x(3). Calculate the highest common divisor of s and 44.
22
Suppose -9 = -2*u + 2*h + 19, -4*h + 4 = 2*u. Calculate the greatest common factor of u and 110.
10
Let t(u) = -3*u - 10. Let p be t(-8). Calculate the highest common divisor of 112 and p.
14
Suppose -5*h - x = 4*x - 375, 378 = 5*h + 2*x. Calculate the greatest common factor of h and 190.
38
Let b = 10 + -16. Let l be (54/(-7))/(b/28). Suppose -t - 5*a = -17, -4*t + 0 + l = 4*a. Calculate the greatest common divisor of 28 and t.
7
Suppose -2*z = -z - 14. Let u = 24 - z. Calculate the highest common divisor of u and 5.
5
Let b be (-2)/1 - (-2*4)/1. Calculate the highest common divisor of 30 and b.
6
Suppose 6*b - 4*b - 6 = -2*p, -2*b = 10. Suppose -37 + 229 = 3*q. Calculate the greatest common factor of q and p.
8
Suppose -n = -3*n + 52. Suppose -6*x = -4*x - 42. Let f = 34 - x. Calculate the greatest common divisor of f and n.
13
Let j(w) = 2*w - 1. Let g be j(5). Let h(k) = -k**2 - 13*k + 6. Let b be h(-6). Suppose -5*a + 447 = -b. Calculate the highest common factor of a and g.
9
Let b be (44 + 0)*30/24. Let a be b - -2*(-3)/6. Suppose -3*n + 81 = -a. Calculate the highest common divisor of n and 9.
9
Let t(j) = 2*j**2 + 3*j + 2. Let n be t(-1). Let g(z) = z**2 - 2*z + 1. Let x be g(3). What is the highest common divisor of n and x?
1
Suppose -12 = 3*a, -3*a = -0*d - 3*d + 48. Let p be (-20)/3 + (-2)/(-3). Let y(m) = -2*m - 4. Let t be y(p). What is the greatest common factor of d and t?
4
Suppose -2 = -3*c + 2*c. Suppose -4*l - c*f + 102 = 0, l - 5 = 3*f + 10. Calculate the highest common factor of l and 36.
12
Let d be (368/24)/((-2)/(-3)). Calculate the highest common factor of d and 207.
23
Let c(b) = 2*b + 31. Let f be c(-13). Calculate the greatest common divisor of 5 and f.
5
Suppose 0*d + 18 = 3*d. Calculate the highest common factor of d and 4.
2
Let k be 8/12 + (-140)/(-6). Let z = 8 + -2. Calculate the greatest common divisor of z and k.
6
Let p = -82 - -159. What is the highest common divisor of p and 7?
7
Suppose 0*k = -4*k + 516. Suppose k = -g - 16. Let d = g + 235. What is the highest common divisor of d and 18?
18
Suppose -h + 5*s + 20 = -16, 4*h - 3*s - 110 = 0. Let g = h - -9. What is the greatest common factor of 5 and g?
5
Let t = -5 + 3. Let n(m) = -m**3 - m + 2. Let o be n(t). Let q be (234/o)/((-6)/(-8)). Calculate the highest common divisor of 104 and q.
26
Suppose 18 = 4*s + 5*q - 3*q, s + 3 = q. Let u be 55/(-1 + s) - 0. What is the greatest common divisor of u and 5?
5
Let l = 94 - 74. Calculate the highest common divisor of l and 100.
20
Let v be (2/(-4))/((-5)/(-60)). Let o be v/4*(-24)/9. Suppose 0 = -5*g - 3*z + 45, 2*z = -4*g + 6*g - 34. What is the highest common divisor of o and g?
4
Let u(v) = -400*v - 1. Let x be u(-1). Suppose -134 = -q + 5*i - 531, 3*i = q + x. Let r = -258 - q. What is the highest common divisor of 18 and r?
18
Let v(f) = 3*f + 5. Let i(r) = 3*r + 6. Let g(n) = 2*i(n) - 3*v(n). Let s be g(-2). What is the highest common factor of 21 and s?
3
Let k = -28 + 48. What is the greatest common divisor of k and 50?
10
Suppose 9 = 11*k - 24. What is the highest common divisor of k and 57?
3
Let d be ((-48)/(-9))/(1/3). What is the greatest common divisor of 128 and d?
16
Suppose t = -3*j + 13, 0*t - 24 = -4*j + 2*t. Suppose -x + 438 = j*v, 7*x = -4*v + 3*x + 344. Calculate the greatest common divisor of v and 8.
8
Let b be 2/(-2 - (-100)/49). What is the greatest common divisor of 7 and b?
7
Let d = 2 + -7. Let m(f) = -f**3 - 4*f**2 + f - 4. Let p be m(d). Calculate the greatest common divisor of p and 32.
16
Let b be (825/22)/((-6)/(-16)). Suppose -l + 6*l = b. Calculate the greatest common divisor of 50 and l.
10
Let a = 1 + -1. Let s(f) = 7*f - 12. Let q(b) = -6*b + 12. Let n(i) = 6*q(i) + 5*s(i). Let m be n(a). Calculate the greatest common factor of m and 24.
12
Suppose 21*f - 18*f - 198 = 0. Calculate the greatest common factor of 88 and f.
22
Let k be (-2)/((-12)/30)*5. Calculate the greatest common factor of k and 100.
25
Suppose -7 - 3 = u. Let k be (-8)/u*(10 - 5). Suppose -25 = -k*s + 31. What is the highest common factor of s and 2?
2
Let k = 7 + -5. Suppose -t + 5 + 28 = 3*v, -k*v = 2*t - 74. Let a be 2/4 + (-50)/(-4). Calculate the highest common divisor of a and t.
13
Let y(r) = 16*r - 47. Let g be y(4). Calculate the greatest common factor of 153 and g.
17
Let u be (8*10/(-14))/(12/(-42)). Calculate the highest common divisor of u and 4.
4
Let k(a) = -a**2 - 17*a + 18. Let s be k(-14). Calculate the highest common factor of s and 15.
15
Suppose -3*k + 2*k - 4*c - 14 = 0, 3*k - 9 = 5*c. Let f(z) = -4*z**3 + z**2 + 2*z + 1. Let d be f(k). What is the greatest common divisor of 11 and d?
11
Let l(k) = k**2 + 2*k - 3. Let m be l(3). Let c(h) = 2*h**2 + 5 + 11*h + 4 - 3. Let a be c(-6). What is the greatest common divisor of a and m?
12
Let v(g) = -g**3 + 10*g**2 - 2*g + 4. Let p be v(6). Suppose b - p + 32 = 0. Calculate the greatest common factor of b and 13.
13
Let i be (3/(-4))/(1/(-144)). What is the highest common divisor of i and 12?
12
Let o = -2 - -2. Suppose t + o*t = -70. Let p be (4/10)/((-2)/t). Calculate the highest common factor of 154 and p.
14
Suppose -4 = 4*z + 5*p - 3, p - 7 = -2*z. Let g(j) = 3*j**3 - 2*j**2 + 2*j - 3. Let i be g(3). What is the highest common factor of i and z?
6
Let s(u) = -u**2 + 5*u + 8. Let w be s(6). Let c = 0 + w. Calculate the highest common divisor of c and 16.
2
Let n(q) = -q**2 + 12*q - 13. Let c be n(11). Let h be 0/c*-1 + 213. Let m = -117 + h. Calculate the greatest common divisor of 12 and m.
12
Let j be (-7 + 3)/(-4)*45. Let k(c) = -2*c**3 - 4*c**2 + c + 3. Let d be k(-3). Calculate the greatest common factor of j and d.
9
Suppose -4*z + 259 = -5*g, -131 = -4*z + 2*z + g. Let y = -4 - -10. Calculate the highest common factor of y and z.
6
Let p(m) = 6*m**2 + 2*m + 1. Let s be p(-2). What is the greatest common divisor of s and 42?
21
Suppose -k + 20 = -5*j - 8, 0 = 4*k - 3*j - 180. Calculate the highest common divisor of k and 12.
12
Let h = -67 - -69. Calculate the greatest common factor of 26 and h.
2
Let h be 6*(-1)/(6/(-16)). Let w(o) = o. Let d be w(-1). Let r be (1*8)/((-1)/d). What is the highest common divisor of h and r?
8
Suppose -99 = -x - 0*x. Let r = 7 - -4. Calculate the highest common divisor of x and r.
11
Suppose -2*j - 260 = -6*j. Calculate the greatest common divisor of 26 and j.
13
Let f = 15 + -9. Let r = f - 2. Suppose 0*h - 48 = -4*h. What is the greatest common factor of h and r?
4
Suppose -3*u - 2*k + 108 = 12, -k = -4*u + 139. Let p = 10 - 18. Let a = p - -93. What is the greatest common factor of a and u?
17
Let j be (-108)/(-5) + 30/75. Calculate the highest common factor of 55 and j.
11
Let u be (-200)/(-30)*(0 - -27). Calculate the greatest common divisor of 45 and u.
45
Suppose 0 = -3*g + 3, 17 = -0*q + 4*q + g. Let f be 2/(4 + 0)*q. What is the greatest common divisor of 4 and f?
2
Suppose -d + 3 = -5. Suppose -7 = -2*v + 1. Suppose 3*g = v*g - d. What is the highest common factor of g and 8?
8
Suppose -